1
Calculate -25 + (29 + -8 - -7) - (1 + 9).
-7
What is the value of -11 + 6 - -26 - (141 - 160)?
40
-76 + 107 - (8 - (-2 - (0 - 24)))
45
Calculate 17 + 2 + (-8 - 17) + -1 + 21.
14
What is the value of 2919 + -2894 - (-27 - (-5 + 8))?
55
What is the value of (-74 - -27) + 85 - 70?
-32
(49 - (21 + 7)) + 4 + (-10 - 5) - 126
-116
Calculate 12 + (286 - 316 - (1 + 10)).
-29
What is 901 + -869 + 1 + -59?
-26
What is the value of 47 - (1 + 16 + 2 + (0 - 9))?
37
Evaluate 183 + -196 + (0 - -2) - 33.
-44
What is -55 + 66 + 7 - -34?
52
(18007 - 18024) + (-1 - 33)
-51
Evaluate 65 + -138 - (-118 - -118).
-73
What is the value of 49 - (-14 - (6 + -28 - 10))?
31
What is the value of -4 + -7 - (13 + -27 + (-2 - -8) - -16)?
-19
What is (6 - (-8 - (66 + -16))) + -17?
47
What is the value of (-22 + 22 - -15) + 23 + -6 + -2?
30
What is (-1 - 0 - 14) + (-4 - 63) + 128?
46
What is the value of 0 + -1 + (21 + -90 - (-14 + -10)) + -4?
-50
Calculate 309 - 266 - (2 - 1 - -4).
38
What is the value of -19 + 99 + 110 + -119?
71
Evaluate -12 - (-1 - (-50 - -15) - (2 - 0)).
-44
Evaluate (-7 - -40 - 2) + -3.
28
-4 + 74 - (-17 + 42 + -39)
84
Calculate 2 - ((15 - 8) + -16 + 5 + 2) - 65.
-61
Calculate 11 - 7 - (-4 - 1) - (-552 + 559).
2
Calculate 17 + (29 + -3 - 38) + 1 + -93 + 1.
-86
Calculate (41 - 46) + 34 + -10.
19
What is 5 + -2 - (0 - -78) - (-117 - (-132 + 21))?
-69
Calculate 34 + (35 - 116) - -10.
-37
What is the value of 15 + -1 - (-30 - -45) - (-1 + 48) - -2?
-46
What is -4 + (4 - (4 + -23)) + -40?
-21
What is the value of -3 + 25 + -7 + 2 + 0 - -15?
32
Calculate -10 - ((-4 - 4) + (-1 - -4)) - -50 - -1.
46
Evaluate -91 - (16 + 87 + -113 + (0 - (-1 - 1))).
-83
What is the value of -40 + -71 + -95 + 230?
24
Calculate -6 + 16 - (-1 - -1 - (2 - -22)).
34
-1 + -54 + (-12 - (12 - 6 - 14) - -8)
-51
Calculate (106 - -35 - 108) + (12 - 0).
45
What is the value of -17 + (-5 - (8 - (17 + -1 + 17)))?
3
What is the value of -35 - (-2 + 10 + 1 + 0 - (1492 - 1472))?
-24
What is the value of (-144 - -97) + (113 - 6)?
60
Calculate 161 + (-20 - 80) + -169.
-108
Calculate -57 + 17 + (-1 - ((4 - 0) + -2)) + -6.
-49
What is the value of (-4 - -12) + -22 + 24 + 10 - -1?
21
Calculate (-7 - 2) + -3 - (-411 + (-133 - -378)).
154
Evaluate 9 - ((15 - (-17 + 49)) + -41).
67
Evaluate -1 + 0 + -39 + (45 + -35 - 1 - 13).
-44
(-89 - -50 - -14) + 3 + 58
36
Evaluate 40 + -16 + 16 + -29 + (-2 - -15).
24
Evaluate -24 + 141 + -185 + 39 + 3.
-26
What is (-66 - 16) + 63 - (0 + 1 + -39)?
19
Evaluate (37 + -1 - (198 + -197)) + -79.
-44
Evaluate -10 + (11 - -1) + -2 + -21.
-21
Calculate 32 + (272 - 281) + 16 + 1.
40
Evaluate -111 + -20 + 35 - (-14 - -17 - -9).
-108
Calculate 102 + -9 + 43 + -65.
71
Evaluate -927 + 895 + (30 - 0).
-2
Calculate -158 + (26 - (-31 + 3)) + (-7 - -1).
-110
What is -37 + 6 - (77 + -20 + 7)?
-95
(-7 + 7 - 45) + (-10 - (5 - 17)) + -3
-46
35 + (-26 - 2 - -13)
20
Evaluate 1 + (10 - (19 - 41)) - 20.
13
What is the value of (-53 - (-5 - -2)) + -3 + 15 + 2 + -21?
-57
Calculate 98 - (53 + -10 + 16).
39
What is ((10 - -6) + 5 - 11) + (9 - 0)?
19
Evaluate (0 + 17 - (72 + -25) - 11) + 8 + 3.
-30
What is -11 + -89 + 37 + -18 + -3 + -3?
-87
Calculate -24 - (-36 + 15 + 29 + -43).
11
Calculate 24 - -17 - 15 - 1 - 18.
7
(-125 + 34 - -126) + 55
90
-49 + -19 - (1 + 1 - 17)
-53
-140 - (-75 + -117 + 120)
-68
Calculate -5 - 25 - (-106 + 101) - -10.
-15
Calculate (24 - (-42 + 50 - (-1 + -1))) + -8 + 4.
10
Evaluate -3 + (5 - 60) + 57.
-1
Calculate (23 - (65 - -27)) + 92.
23
What is 5 + (-5 - ((7 - (-4 + 12)) + -12)) + -5?
8
What is the value of 0 + 43 + (-63 - -50) + 0?
30
What is 125 + -202 + 11 + (0 - (-18 - 2))?
-46
Evaluate 6 + (13 - 2) - (59 - -22).
-64
Evaluate (-10 - -1) + -331 + 251 + -7 + 3 + -2.
-95
What is 4 - -29 - (-205 - -165)?
73
(17 - (-76 - -97)) + (4 + -10 - -5 - -153)
148
What is the value of -26 + -76 - -118 - -75?
91
Evaluate 1 - (-1 + -3) - (29 + 63 + -79).
-8
What is the value of -4 + (-26 + 11 - -4) + -21 + 12?
-24
What is 11 + 0 + -175 + 40 + 80?
-44
(-8 - -1) + (-33 - ((-15 - -11) + 18 + -17))
-37
What is -11 + -94 - ((-3 - (4 + -3)) + (-8 - 0))?
-93
Calculate -71 - ((-31 - 4) + 43 - 10).
-69
Evaluate (20 - (-16 - (-85 - -17))) + -10.
-42
What is (50 + -3 - 49) + -35?
-37
What is the value of -5 + 9 + -11 - (-91 - -96) - 2?
-14
Calculate -1 - (6 - 15) - -13 - 50.
-29
Evaluate -6 + (1 - -4) - (-29 + 5 + -20).
43
What is (-35 - -11) + 6 + 2 - 6?
-22
Evaluate -2 - -2 - -62 - (2 + 0) - (-2176 + 2168).
68
(22 - 10) + -28 + 69 + (-9 - (0 + 0))
44
Calculate (-2 - (-118 - -93 - (-6 + 5))) + -121.
-99
What is 108 - (-18 + 79 - 54)?
101
Evaluate 3 + 10 + (-14 - 4) - (-12 + 7 + 54).
-54
What is the value of -5 - (23 - (-26 + 61) - (-2 + -3))?
2
What is ((29 - 25) + (-10 - -27) - (2 - -3)) + 7?
23
(-168 - -174 - (0 - -24) - -66) + 22
70
(-4 - (-2 - (5 - -4))) + 2 - (123 - 126)
12
89 + 0 - (-2302 - -2403)
-12
What is the value of -4 - (0 - -154 - (49 + -45))?
-154
What is (10 - 7) + (-15 - -22) + (10 - 73)?
-53
Calculate 2 - (-33 + 58 + 39).
-62
-58 + (16 + -8 + 2 + -19 + 9 - 1)
-59
Evaluate (7 - -6) + 9 + -15 + 95 + -1.
101
(0 - -14) + -127 + 358 + -192
53
What is (3 - (-22 - -34)) + 1 + 1 + 57?
50
Calculate (3 - -10) + -72 + (90 - 46).
-15
Calculate -86 - (-103 + -80 - -95).
2
What is (-9 - 14) + -13 + 28 - -11 - (-10 + 0)?
13
Evaluate 394 + -380 + -4 + -2.
8
Evaluate (-5 - -64) + -218 + 99.
-60
Calculate -6 + (4 - 0) + 2 + 5 + (-128 - -86).
-37
10 - ((1 - -3 - 11) + 79)
-62
Calculate -62 - (-25 + 17 + -19) - 12.
-47
What is the value of -2 + (-3 - -8) + 5077 + -5050?
30
What is -12 - ((-95 - -104) + (4 - (-4 + 76)))?
47
What is the value of -3 + 13 + 25 + -39?
-4
Calculate 39 - 7 - (-252 + 307).
-23
Evaluate 2 + -10 - (-23 - (3 + 1 - -1)).
20
Calculate (54 - (10 - (-4 - (8 + -10)) - 4)) + 10.
56
Calculate -77 + (-66 - (61 - 141)).
-63
What is the value of 48 - (-52 + 109 + -27)?
18
Evaluate 21 - 0 - (-33 - (2 + -15)).
41
Calculate (-8 - (-39 - -36)) + 50 + 0.
45
Calculate 4 + (-3 - ((9 - 3 - 0) + -5) - -19).
19
Calculate 13 - (333 + -332 + -1 + 2) - (0 - -147).
-136
Calculate 9 + (-16 + (14 - 17 - 2) - -134).
122
Calculate -1 - (2 - 26) - (-1191 - -1211).
3
Calculate (0 + 5 - (-778 - -792)) + -5.
-14
What is -4 + -9 + 0 + 7 + -20 + (-3 - -3)?
-26
-3 + -10 + (2 - -16) + (1 - 8) + -38
-40
What is the value of -25 + 0 + ((-2 - 18) + 3 - (-503 - -487))?
-26
What is the value of (1 - (5 - (1 + -7))) + -69 + 117?
38
-45 + 37 - (2 + 11) - (-5 + (3 - -4))
-23
Evaluate 539 + -583 - (1 - 1) - 59.
-103
What is the value of -1 - -3 - 189 - (-2060 + 2014)?
-141
What is 6 - ((-9 - -8) + 6) - 20?
-19
Evaluate 7 + -1 + -77 + 2 + -268 + 303.
-34
0 + (-1 - -98) - ((417 - 423) + (3 - -10))
90
What is the value of -2 - (7 - 0) - (-5 + (10 - -6) + -13)?
-7
Calculate 47 + 1 - (124 + -23 - 13).
-40
What is the value of 7 + (-28 - -50 - 58) + -1?
-30
-44 + (3 - -2 - (7 - -6)) + (-12 - -20)
-44
What is the value of 12 + 4 + (-12 - (-37 - -21))?
20
Evaluate 23 + (-1 - 1 - (43 - 48)) - 13.
13
What is (-5 - -11 - 3) + (33 - -3) + (-15 - -20)?
44
11 + 4 + (6 - 13) - (59 + (5 - 21))
-35
576 + -545 + 1 + -55 + -7
-30
Calculate (14 - 6) + 671 + -728.
-49
What is the value of -85 + -79 + 69 + 73?
-22
Evaluate (0 - -56) + -3064 + 3053.
45
29 + -26 + (-19 - -33) + 41
58
(7 - 6) + -9 - (216 - 215)
-9
-45 - (13 + -23 - 28)
-7
(24 + 129 - 114) + -86
-47
Evaluate (11 - -1) + -11 + (228 + -208 - (14 + 0)).
7
What is 37 + (4 - (-30 + 52 - 36))?
55
(-3 - -97 - -3) + -36 + (2 - (-21 - 6))
90
Evaluate -42 + 45 + -39 + 30.
-6
What is -3 - (-33 + 45) - -43 - 133?
-105
What is -12 - ((0 - 31) + 11) - (95 - 13)?
-74
Evaluate 37 - -1 - (-1732 - -1741).
29
What is 40 + 5 + -3 - (15 - (-7 - -17 - -7))?
44
(26 + -15 + -25 - 86) + -4 + 2
-102
Calculate 29 + (-17 - (35 + -27)) + 18.
22
What is the value of -16 - (-4 + 16 + (15 + -17 - -8) + -16)?
-18
17 - (7 + -9 + 13) - -78
84
What is -33 + (94 - (-40 - -64))?
37
Calculate (-1 - -1 - (2 + 3)) + (157 - (39 - -231)).
-118
What is the value of (3 + 8 - 61) + 2?
-48
What is the value of -33 - (35 - (82 - 59))?
-45
Evaluate 2004 - 1926 - (45 + -2).
35
(-23 - (-64 - -100)) + -2
-61
Evaluate (-2 - (-7 + -22)) + -48.
-21
What is -4 - ((-1 + 2 - 9) + -67 + 9)?
62
What is the value of (-17 - 3) + 